{"id":127,"date":"2021-08-13T06:39:51","date_gmt":"2021-08-13T09:39:51","guid":{"rendered":"https:\/\/fabea.com.br\/site\/?page_id=127"},"modified":"2021-08-27T18:11:40","modified_gmt":"2021-08-27T21:11:40","slug":"sobre","status":"publish","type":"page","link":"https:\/\/fabea.com.br\/site\/index.php\/sobre\/","title":{"rendered":"Sobre"},"content":{"rendered":"\n\n\t\t<h3><\/h3>\t\t\n\t\t\t<h6>A Faculdade Brasileira de Estudos Avan\u00e7ados &#8211; FABEA \u00e9 uma institui\u00e7\u00e3o de ensino superior localizada na cidade de S\u00e3o Lu\u00eds &#8211; MA Credenciada desde o ano 2009 pelo Minist\u00e9rio da Educa\u00e7\u00e3o &#8211; MEC, a institui\u00e7\u00e3o oferece cursos de Gradua\u00e7\u00e3o para uma forma\u00e7\u00e3o superior completa, que permite a um indiv\u00edduo exercer a profiss\u00e3o para a qual se graduou, ocupando uma vaga mais qualificada no mercado de trabalho e, em geral, melhor remunerada.<\/h6>\n\t\t<h5>Conhe\u00e7a os cursos de Gradua\u00e7\u00e3o do CESSF:<\/h5>\t\t\n\t\t\t<ul>\n<li><a href=\"https:\/\/fabea.com.br\/site\/index.php\/administracao\/\">Administra\u00e7\u00e3o<\/a><\/li>\n<\/ul>\n<h4>\n\t\tA nossa institui\u00e7\u00e3o de ensino oferece curso de Gradua\u00e7\u00e3o para uma forma\u00e7\u00e3o superior completa, que permite a um indiv\u00edduo exercer a profiss\u00e3o para a qual se graduou, ocupando uma vaga mais qualificada no mercado de trabalho e, em geral, melhor remunerada.\n\t<\/h4>\n<h3>\n\t\tFaculdade Brasileira de Estudos Acan\u00e7ados &#8211; FABEA\n\t<\/h3>\n\t\t<h3>Miss\u00e3o, Vis\u00e3o e Valores<\/h3>\t\t\n\t<h3>Miss\u00e3o<\/h3>\t\t\n\t\t\t<p>Promover a forma\u00e7\u00e3o, o desenvolvimento e a excel\u00eancia na qualifica\u00e7\u00e3o e no aperfei\u00e7oamento de profissionais nas diversas \u00e1reas de atua\u00e7\u00e3o, para que sejam capazes de atender \u00e0s demandas do mercado e as necessidades da sociedade, com compet\u00eancias e habilidades para propor, desenvolver e implementar a\u00e7\u00f5es que contribuam para o desenvolvimento sustent\u00e1vel regional e nacional.<\/p>\n\t<h3>Vis\u00e3o<\/h3>\t\t\n\t\t\t<p>Ser uma Institui\u00e7\u00e3o reconhecida pela excel\u00eancia do ensino ministrado.<\/p>\n\t<h3>Valores<\/h3>\t\t\n\t\t\t<p>\u00c9tica, Motiva\u00e7\u00e3o, Qualidade no Atendimento, Iniciativa, Trabalho em Equipe, Responsabilidade Social, Compromisso e Empreendedorismo.<\/p>\n\t\t\t\t<img decoding=\"async\" src=\"https:\/\/i1.wp.com\/fabea.com.br\/site\/wp-content\/uploads\/2021\/08\/MarcaFabea-Central.jpg?resize=300%2C231&#038;ssl=1\" alt=\"MarcaFabea-Central\" itemprop=\"image\" title=\"MarcaFabea-Central\" onerror=\"this.style.display='none'\"  data-recalc-dims=\"1\" \/>\n<h6>\n\t\tFa\u00e7a a diferen\u00e7a! <br \/>  Venha ser FABEA!\n\t<\/h6>\n\n","protected":false},"excerpt":{"rendered":"<p>A Faculdade Brasileira de Estudos Avan\u00e7ados &#8211; FABEA \u00e9 uma institui\u00e7\u00e3o de ensino superior localizada na cidade de S\u00e3o Lu\u00eds &#8211; MA Credenciada desde o ano 2009 pelo Minist\u00e9rio da Educa\u00e7\u00e3o &#8211; MEC, a institui\u00e7\u00e3o oferece cursos de Gradua\u00e7\u00e3o para uma forma\u00e7\u00e3o superior completa, que permite a um indiv\u00edduo exercer [&hellip;]<\/p>\n","protected":false},"author":1,"featured_media":0,"parent":0,"menu_order":0,"comment_status":"closed","ping_status":"closed","template":"page-templates\/template-pagebuilder-full-width.php","meta":{"_monsterinsights_skip_tracking":false,"_monsterinsights_sitenote_active":false,"_monsterinsights_sitenote_note":"","_monsterinsights_sitenote_category":0,"spay_email":"","footnotes":""},"class_list":["post-127","page","type-page","status-publish","hentry"],"yoast_head":"<!-- This site is optimized with the Yoast SEO plugin v17.0 - https:\/\/yoast.com\/wordpress\/plugins\/seo\/ -->\n<title>Sobre - FABEA<\/title>\n<meta name=\"robots\" content=\"index, follow, max-snippet:-1, max-image-preview:large, max-video-preview:-1\" \/>\n<link rel=\"canonical\" href=\"https:\/\/fabea.com.br\/site\/index.php\/sobre\/\" \/>\n<meta property=\"og:locale\" content=\"pt_BR\" \/>\n<meta property=\"og:type\" content=\"article\" \/>\n<meta property=\"og:title\" content=\"Sobre - FABEA\" \/>\n<meta property=\"og:description\" content=\"A Faculdade Brasileira de Estudos Avan\u00e7ados &#8211; FABEA \u00e9 uma institui\u00e7\u00e3o de ensino superior localizada na cidade de S\u00e3o Lu\u00eds &#8211; MA Credenciada desde o ano 2009 pelo Minist\u00e9rio da Educa\u00e7\u00e3o &#8211; MEC, a institui\u00e7\u00e3o oferece cursos de Gradua\u00e7\u00e3o para uma forma\u00e7\u00e3o superior completa, que permite a um indiv\u00edduo exercer [&hellip;]\" \/>\n<meta property=\"og:url\" content=\"https:\/\/fabea.com.br\/site\/index.php\/sobre\/\" \/>\n<meta property=\"og:site_name\" content=\"FABEA\" \/>\n<meta property=\"article:modified_time\" content=\"2021-08-27T21:11:40+00:00\" \/>\n<meta property=\"og:image\" content=\"http:\/\/fabea.com.br\/site\/wp-content\/uploads\/2021\/08\/MarcaFabea-Central-300x231.jpg\" \/>\n<meta name=\"twitter:card\" content=\"summary_large_image\" \/>\n<meta name=\"twitter:label1\" content=\"Est. tempo de leitura\" \/>\n\t<meta name=\"twitter:data1\" content=\"2 minutos\" \/>\n<script type=\"application\/ld+json\" class=\"yoast-schema-graph\">{\"@context\":\"https:\/\/schema.org\",\"@graph\":[{\"@type\":\"WebSite\",\"@id\":\"https:\/\/fabea.com.br\/site\/#website\",\"url\":\"https:\/\/fabea.com.br\/site\/\",\"name\":\"FABEA\",\"description\":\"Sua gradua\\u00e7\\u00e3o \\u00e9 s\\u00f3 na FABEA\",\"potentialAction\":[{\"@type\":\"SearchAction\",\"target\":{\"@type\":\"EntryPoint\",\"urlTemplate\":\"https:\/\/fabea.com.br\/site\/?s={search_term_string}\"},\"query-input\":\"required name=search_term_string\"}],\"inLanguage\":\"pt-BR\"},{\"@type\":\"ImageObject\",\"@id\":\"https:\/\/fabea.com.br\/site\/index.php\/sobre\/#primaryimage\",\"inLanguage\":\"pt-BR\",\"url\":\"http:\/\/fabea.com.br\/site\/wp-content\/uploads\/2021\/08\/MarcaFabea-Central-300x231.jpg\",\"contentUrl\":\"http:\/\/fabea.com.br\/site\/wp-content\/uploads\/2021\/08\/MarcaFabea-Central-300x231.jpg\"},{\"@type\":\"WebPage\",\"@id\":\"https:\/\/fabea.com.br\/site\/index.php\/sobre\/#webpage\",\"url\":\"https:\/\/fabea.com.br\/site\/index.php\/sobre\/\",\"name\":\"Sobre - FABEA\",\"isPartOf\":{\"@id\":\"https:\/\/fabea.com.br\/site\/#website\"},\"primaryImageOfPage\":{\"@id\":\"https:\/\/fabea.com.br\/site\/index.php\/sobre\/#primaryimage\"},\"datePublished\":\"2021-08-13T09:39:51+00:00\",\"dateModified\":\"2021-08-27T21:11:40+00:00\",\"breadcrumb\":{\"@id\":\"https:\/\/fabea.com.br\/site\/index.php\/sobre\/#breadcrumb\"},\"inLanguage\":\"pt-BR\",\"potentialAction\":[{\"@type\":\"ReadAction\",\"target\":[\"https:\/\/fabea.com.br\/site\/index.php\/sobre\/\"]}]},{\"@type\":\"BreadcrumbList\",\"@id\":\"https:\/\/fabea.com.br\/site\/index.php\/sobre\/#breadcrumb\",\"itemListElement\":[{\"@type\":\"ListItem\",\"position\":1,\"name\":\"In\\u00edcio\",\"item\":\"https:\/\/fabea.com.br\/site\/\"},{\"@type\":\"ListItem\",\"position\":2,\"name\":\"Sobre\"}]}]}<\/script>\n<!-- \/ Yoast SEO plugin. -->","yoast_head_json":{"title":"Sobre - FABEA","robots":{"index":"index","follow":"follow","max-snippet":"max-snippet:-1","max-image-preview":"max-image-preview:large","max-video-preview":"max-video-preview:-1"},"canonical":"https:\/\/fabea.com.br\/site\/index.php\/sobre\/","og_locale":"pt_BR","og_type":"article","og_title":"Sobre - FABEA","og_description":"A Faculdade Brasileira de Estudos Avan\u00e7ados &#8211; FABEA \u00e9 uma institui\u00e7\u00e3o de ensino superior localizada na cidade de S\u00e3o Lu\u00eds &#8211; MA Credenciada desde o ano 2009 pelo Minist\u00e9rio da Educa\u00e7\u00e3o &#8211; MEC, a institui\u00e7\u00e3o oferece cursos de Gradua\u00e7\u00e3o para uma forma\u00e7\u00e3o superior completa, que permite a um indiv\u00edduo exercer [&hellip;]","og_url":"https:\/\/fabea.com.br\/site\/index.php\/sobre\/","og_site_name":"FABEA","article_modified_time":"2021-08-27T21:11:40+00:00","og_image":[{"url":"http:\/\/fabea.com.br\/site\/wp-content\/uploads\/2021\/08\/MarcaFabea-Central-300x231.jpg"}],"twitter_card":"summary_large_image","twitter_misc":{"Est. tempo de leitura":"2 minutos"},"schema":{"@context":"https:\/\/schema.org","@graph":[{"@type":"WebSite","@id":"https:\/\/fabea.com.br\/site\/#website","url":"https:\/\/fabea.com.br\/site\/","name":"FABEA","description":"Sua gradua\u00e7\u00e3o \u00e9 s\u00f3 na FABEA","potentialAction":[{"@type":"SearchAction","target":{"@type":"EntryPoint","urlTemplate":"https:\/\/fabea.com.br\/site\/?s={search_term_string}"},"query-input":"required name=search_term_string"}],"inLanguage":"pt-BR"},{"@type":"ImageObject","@id":"https:\/\/fabea.com.br\/site\/index.php\/sobre\/#primaryimage","inLanguage":"pt-BR","url":"http:\/\/fabea.com.br\/site\/wp-content\/uploads\/2021\/08\/MarcaFabea-Central-300x231.jpg","contentUrl":"http:\/\/fabea.com.br\/site\/wp-content\/uploads\/2021\/08\/MarcaFabea-Central-300x231.jpg"},{"@type":"WebPage","@id":"https:\/\/fabea.com.br\/site\/index.php\/sobre\/#webpage","url":"https:\/\/fabea.com.br\/site\/index.php\/sobre\/","name":"Sobre - FABEA","isPartOf":{"@id":"https:\/\/fabea.com.br\/site\/#website"},"primaryImageOfPage":{"@id":"https:\/\/fabea.com.br\/site\/index.php\/sobre\/#primaryimage"},"datePublished":"2021-08-13T09:39:51+00:00","dateModified":"2021-08-27T21:11:40+00:00","breadcrumb":{"@id":"https:\/\/fabea.com.br\/site\/index.php\/sobre\/#breadcrumb"},"inLanguage":"pt-BR","potentialAction":[{"@type":"ReadAction","target":["https:\/\/fabea.com.br\/site\/index.php\/sobre\/"]}]},{"@type":"BreadcrumbList","@id":"https:\/\/fabea.com.br\/site\/index.php\/sobre\/#breadcrumb","itemListElement":[{"@type":"ListItem","position":1,"name":"In\u00edcio","item":"https:\/\/fabea.com.br\/site\/"},{"@type":"ListItem","position":2,"name":"Sobre"}]}]}},"jetpack-related-posts":[{"id":58,"url":"https:\/\/fabea.com.br\/site\/index.php\/cursos\/","url_meta":{"origin":127,"position":0},"title":"Cursos","date":"12 de agosto de 2021","format":false,"excerpt":"CURSOS DA GRADUA\u00c7\u00c3O Confira aqui o nosso cat\u00e1logo de cursos Administra\u00e7\u00e3o Esse curso vai ensin\u00e1-lo a gerenciar os recursos financeiros, materiais ou humanos de uma empresa. A nossa institui\u00e7\u00e3o de ensino oferece curso de Gradua\u00e7\u00e3o para uma forma\u00e7\u00e3o superior completa, que permite a um indiv\u00edduo exercer a profiss\u00e3o para a\u2026","rel":"","context":"Post similar","img":{"alt_text":"","src":"https:\/\/i0.wp.com\/fabea.com.br\/site\/wp-content\/uploads\/2021\/08\/10573-scaled.jpg?fit=1200%2C761&ssl=1&resize=350%2C200","width":350,"height":200},"classes":[]},{"id":122,"url":"https:\/\/fabea.com.br\/site\/index.php\/vestibular\/","url_meta":{"origin":127,"position":1},"title":"Vestibular","date":"13 de agosto de 2021","format":false,"excerpt":"VESTIBULAR Fa\u00e7a o vestibular aqui na FABEA e escolha os melhores cursos para o mercado de trabalho A nossa institui\u00e7\u00e3o de ensino oferece curso de Gradua\u00e7\u00e3o para uma forma\u00e7\u00e3o superior completa, que permite a um indiv\u00edduo exercer a profiss\u00e3o para a qual se graduou, ocupando uma vaga mais qualificada no\u2026","rel":"","context":"Post similar","img":{"alt_text":"","src":"https:\/\/i1.wp.com\/fabea.com.br\/site\/wp-content\/uploads\/2021\/08\/vestibular.png?fit=1200%2C538&ssl=1&resize=350%2C200","width":350,"height":200},"classes":[]},{"id":168,"url":"https:\/\/fabea.com.br\/site\/index.php\/organograma\/","url_meta":{"origin":127,"position":2},"title":"Organograma","date":"13 de agosto de 2021","format":false,"excerpt":"ORGANOGRAMA A nossa institui\u00e7\u00e3o de ensino oferece curso de Gradua\u00e7\u00e3o para uma forma\u00e7\u00e3o superior completa, que permite a um indiv\u00edduo exercer a profiss\u00e3o para a qual se graduou, ocupando uma vaga mais qualificada no mercado de trabalho e, em geral, melhor remunerada. Faculdade Brasileira de Estudos Acan\u00e7ados - FABEA Fa\u00e7a\u2026","rel":"","context":"Post similar","img":{"alt_text":"","src":"https:\/\/i0.wp.com\/fabea.com.br\/site\/wp-content\/uploads\/2021\/08\/logo_grande4.png?fit=1200%2C445&ssl=1&resize=350%2C200","width":350,"height":200},"classes":[]},{"id":159,"url":"https:\/\/fabea.com.br\/site\/index.php\/institucional\/","url_meta":{"origin":127,"position":3},"title":"Institucional","date":"13 de agosto de 2021","format":false,"excerpt":"Ol\u00e1, seja bem vindo ao nosso portf\u00f3lio\u00a0institucional! Segue abaixo alguns de nosso links institucionais. \u00a0 Agradecemos a visita e estaremos a disposi\u00e7\u00e3o para atend\u00ea-los(a). Conhe\u00e7a mais sobre nossa Institui\u00e7\u00e3o de Ensino: Sobre Nosso Calend\u00e1rio Acad\u00eamico Regimento Interno FABEA A nossa institui\u00e7\u00e3o de ensino oferece curso de Gradua\u00e7\u00e3o para uma forma\u00e7\u00e3o\u2026","rel":"","context":"Post similar","img":{"alt_text":"","src":"https:\/\/i0.wp.com\/fabea.com.br\/site\/wp-content\/uploads\/2021\/08\/logo_grande4.png?fit=1200%2C445&ssl=1&resize=350%2C200","width":350,"height":200},"classes":[]},{"id":46,"url":"https:\/\/fabea.com.br\/site\/index.php\/administracao\/","url_meta":{"origin":127,"position":4},"title":"Administra\u00e7\u00e3o","date":"12 de agosto de 2021","format":false,"excerpt":"CURSO DE Administra\u00e7\u00e3o O curso de Administra\u00e7\u00e3o (Bacharelado) \u00e9 ofertado pela Faculdade Brasileira de Estudos Avan\u00e7ados - FABEA - Curso autorizado pelo MEC - Portaria N\u00ba 891 de 15 de julho de 2009. O curso foi concebido contemplando os aspectos regionais, econ\u00f4micos, pol\u00edticos, sociais e as especificidades educacionais do Estado\u2026","rel":"","context":"Post similar","img":{"alt_text":"","src":"https:\/\/i2.wp.com\/fabea.com.br\/site\/wp-content\/uploads\/2021\/08\/administracao2.png?fit=1200%2C316&ssl=1&resize=350%2C200","width":350,"height":200},"classes":[]}],"_links":{"self":[{"href":"https:\/\/fabea.com.br\/site\/index.php\/wp-json\/wp\/v2\/pages\/127","targetHints":{"allow":["GET"]}}],"collection":[{"href":"https:\/\/fabea.com.br\/site\/index.php\/wp-json\/wp\/v2\/pages"}],"about":[{"href":"https:\/\/fabea.com.br\/site\/index.php\/wp-json\/wp\/v2\/types\/page"}],"author":[{"embeddable":true,"href":"https:\/\/fabea.com.br\/site\/index.php\/wp-json\/wp\/v2\/users\/1"}],"replies":[{"embeddable":true,"href":"https:\/\/fabea.com.br\/site\/index.php\/wp-json\/wp\/v2\/comments?post=127"}],"version-history":[{"count":14,"href":"https:\/\/fabea.com.br\/site\/index.php\/wp-json\/wp\/v2\/pages\/127\/revisions"}],"predecessor-version":[{"id":334,"href":"https:\/\/fabea.com.br\/site\/index.php\/wp-json\/wp\/v2\/pages\/127\/revisions\/334"}],"wp:attachment":[{"href":"https:\/\/fabea.com.br\/site\/index.php\/wp-json\/wp\/v2\/media?parent=127"}],"curies":[{"name":"wp","href":"https:\/\/api.w.org\/{rel}","templated":true}]}}